5*o. Is -4 + (o - 159104/(-4)) prime?
True
Let l(x) = -348*x - 119. Is l(-6) a prime number?
False
Let l = 79 - 77. Suppose -z + 0*n - n = -1386, -2757 = -l*z + n. Is z a composite number?
False
Let w(h) = 2001*h**2 - 17*h + 3. Is w(-4) a prime number?
False
Suppose 0 = -544*c + 557*c - 563693. Is c composite?
True
Let u be 4/(-6) + (-992)/(-3). Suppose 3*j - 619 - 1562 = 0. Let l = j - u. Is l prime?
True
Let m = -147 + 150. Is (924 - (m - 2))/1 prime?
False
Suppose -20*p = -14*p - 47388. Let g = p - 4735. Is g composite?
False
Suppose 8*n = 6*n + 3*j + 53188, 5*n = 3*j + 132997. Is n prime?
False
Let s(x) = x**3 - 9*x**2 - 10*x + 3. Let f be s(10). Suppose i - 8710 = -5*a, f*a - i - 6598 = -1380. Is a a prime number?
True
Is ((-1)/(-2))/(42/1719228) prime?
False
Is 1 + 5 - ((-4011)/(-6))/(17/(-34)) a prime number?
False
Let s(m) = 4054*m**2 + 23*m + 32. Is s(-5) prime?
True
Let s = 20256 + -9219. Suppose -k = -2*j + 16685, 0 = -j + 3*k + s - 2687. Is j composite?
True
Let l = -48 + 50. Suppose v + l*n - 888 = -2*n, n = 5. Suppose -287 + v = 7*y. Is y composite?
False
Let c(k) = 81*k - 13. Let j(z) = -80*z + 14. Let b be (-15)/(-3) - (-2 + 4). Let p(q) = b*c(q) + 4*j(q). Is p(-13) a prime number?
False
Let j be 36/5 + -2 + (-6)/30. Suppose 14745 = j*w - 2*w. Is w prime?
False
Let m = -22955 + 49264. Is m a prime number?
True
Suppose 18*h + 60648 = 60*h. Let q(p) = -194*p + 5. Let o be q(4). Let v = h + o. Is v composite?
False
Let n = 60096 - 30529. Is n composite?
False
Is 2/(-3) + (-38)/6 - (-1143253824)/1184 composite?
True
Suppose -x + 12 = 5. Suppose 8 = -k + x. Is 211*(-6 + 3)*k composite?
True
Let c(z) = 3583*z**3 - z**2 + z - 2. Let t be 1 + -1 + (-11 - -12). Let l be c(t). Suppose -4*d + 2240 = 3*y, 0 = 5*d + y - l + 792. Is d a prime number?
True
Let z = -122 + 135. Suppose -6*x + z*x = 14189. Is x a composite number?
False
Let r(y) be the first derivative of y**5/60 + 5*y**4/24 - 11*y**3/3 + 29*y**2/2 + 28. Let c(v) be the second derivative of r(v). Is c(16) a composite number?
True
Suppose -d - 8 = -3. Let c be (-1)/d*-2 + 532/5. Let u = 337 + c. Is u a prime number?
True
Suppose 13*t - 4398555 = -3*w + 11*t, 0 = -3*t - 9. Is w a composite number?
True
Let l(o) = -o + 13. Let j be l(7). Suppose -j*k - 3*w = -k - 17, 0 = 5*w + 5. Suppose -2*x + 132 + 240 = k*i, 2*i + 784 = 4*x. Is x a composite number?
True
Suppose -2*j + 5*h = -14, 28 = 12*j - 16*j - 4*h. Let a(l) = 823*l**2 + 28*l + 95. Is a(j) a prime number?
False
Suppose -c = 4*c - 25, -c + 5 = -3*o. Let g be 5/(o/(-3) - -1). Is 10/(-25) - (-637)/g composite?
False
Let x(b) = -3886*b + 1731. Is x(-10) composite?
False
Let h = -50 + 52. Suppose 10 = -h*l + 16. Suppose -l*f = -374 - 277. Is f composite?
True
Let l = 64343 - 39580. Is l prime?
True
Suppose -3*q + 49965 = 3*n, n + 66620 = 4*q - 2*n. Suppose -9*f - q = -118004. Is f composite?
False
Is (-3 - -2) + 80159 - (-88 - -87) a prime number?
False
Suppose -3*q - 954 = 3*l, -5*l + q - 1298 - 268 = 0. Let a = 693 + l. Is a a composite number?
False
Let r = 68365 + -41486. Is r a prime number?
True
Let s be 8*(5/20 + -1) + 0. Is 8 + s + (1363 - 4) prime?
True
Let i = 522 + -230. Suppose f - 321 = i. Is f a prime number?
True
Let r(j) = 124*j**2 + 3*j + 10. Let g(z) = -1. Let x(v) = -4*g(v) - r(v). Let k be x(-2). Let c = -197 - k. Is c prime?
False
Let b(q) = 317*q**3 + 2*q + 1. Let r be b(-2). Let s be r/11 + (-32)/176. Let a = s + 712. Is a composite?
True
Suppose -60586 = -2*u - 28*i + 26*i, -12 = -3*i. Is u a prime number?
False
Suppose -6*i = -2*i. Suppose i = 4*x - 20. Suppose -1043 = -2*a - 5*d - 8, -x*d = -3*a + 1490. Is a a prime number?
False
Let s = 56694 + -35111. Is s prime?
False
Let r be (50/(-8))/((-3)/12). Suppose r*m = 30*m - 6020. Let v = m + -143. Is v a prime number?
True
Suppose -4*w + 35 = 3. Is 45610*(-4)/w*1/(-5) a composite number?
False
Suppose -4*b + 264236 = -4*g + 772724, 5*g - 635612 = 3*b. Is g a prime number?
True
Suppose 13 + 15 = 7*t. Is ((-93816)/(-45))/t + 2/(-10) a composite number?
False
Let d(o) = 19*o**2 - 47*o + 73. Is d(45) composite?
False
Let y(g) = -g + 5. Let i be y(3). Suppose -3*s = i*v - 258, 3*v + s = -v + 526. Let q = 545 - v. Is q composite?
True
Let i be (1/3)/1 - 6/(-9). Let w be -1 + 597 - (12/3)/i. Suppose 3538 = 10*p - w. Is p a composite number?
True
Suppose 17*x - 4590 = 289969. Suppose 5*y - x - 7128 = 0. Is y prime?
False
Let z be (-141)/(-18) + (-3)/(-4 - 14). Is (-12938)/z*(1 + 4 + -9) prime?
True
Is ((-2)/4)/((189/(-84658))/27) prime?
True
Let b = -71 + 73. Is ((3 + -2506)*b)/(1 - 3) a composite number?
False
Suppose 2359 = 24*u - 1697. Let o = 3453 + u. Is o prime?
False
Let u = -76333 - -151034. Is u composite?
True
Suppose -479*q = -439*q - 7258280. Is q composite?
False
Let x(w) be the third derivative of 3653*w**5/60 - w**4/4 - 5*w**3/3 + 326*w**2. Is x(-2) a prime number?
False
Let y = 198 + 102. Let v(i) = -17*i**2 - 3*i - 13. Let s be v(-3). Let w = s + y. Is w a composite number?
True
Let b(v) = -v**3 + 4*v**2 + 6*v - 6. Let k be b(5). Is ((-106)/k)/((-280)/(-139) - 2) a composite number?
True
Let k = 48079 + -22812. Is k prime?
False
Suppose n = -24 + 30. Suppose -2*l + n = -4. Suppose -l*w = -736 - 219. Is w a composite number?
False
Suppose 5*g - 467590 = -5*u, 5*g - 456985 = -2*u + 10620. Is g a composite number?
False
Let g(j) = j**3 - 17*j**2 + 2*j - 23. Let i be g(17). Suppose 4*h - f - 2 = 0, -5*h - 2*f = f - i. Is (h/3)/(4/372) prime?
True
Let h(z) = z**3 + 2*z**2 - 5*z + 14. Let y be h(-4). Suppose -4*r + 503 = -b, 2*r + 2*b - 274 = -y*b. Is r a composite number?
False
Let p(y) = 14*y**2 - 14*y - 1. Let v(u) = -2*u + 1. Let h be v(6). Is p(h) composite?
False
Suppose 6 = 2*o - 3*h, o + 3*h = -1 - 5. Let q = -5062 - -5070. Suppose o = 4*r - q*r + 6140. Is r a composite number?
True
Let t(d) = d**3 + 23*d**2 + 10*d + 5. Let v(j) = j**2 - 1. Let u be (-11)/(-13) - (-12)/78. Let b(g) = u*t(g) - 6*v(g). Is b(-13) composite?
False
Let b(z) = 23577*z - 160. Is b(3) a composite number?
False
Let m(o) = -8*o**2 + 4. Let g be m(2). Let d(t) = 22*t**2 - 35*t + 91. Is d(g) a composite number?
True
Let p(x) = 80 - 88 + 2205*x + 79*x. Let s be p(2). Suppose -3*u - 3429 = -3*a, 0 = 4*a - 0*a + 2*u - s. Is a a prime number?
False
Is (-3 + (-15 - (-6 + -11)))*823054/(-2) a composite number?
False
Let c(i) = i**2 + 2*i + 35. Let q be c(0). Let n = q + -31. Suppose 3*x - 65 = n. Is x composite?
False
Suppose 0 = -18*a + 333 - 333. Suppose a = 24*c + 8079 - 54183. Is c a prime number?
False
Suppose 33*p - 830173 = -3*g + 38*p, -2*g + 2*p = -553446. Is g prime?
True
Let a be (2/(-4))/(21/(-168)). Let x(u) = -u**3 + 4*u**2 + 6*u - 7. Let k be x(a). Suppose 19183 = k*s + 3798. Is s a prime number?
False
Let k = -1491 - -633. Suppose -2*o - 5*p = 3427, -8*o = -4*o + 4*p + 6848. Let t = k - o. Is t a prime number?
True
Suppose -10*d + 4*p - 43065 = -15*d, -4*p + 17214 = 2*d. Is d composite?
True
Let c(i) = -900*i**2 - 15*i + 27. Let a be c(2). Let v = a - -6620. Is v a composite number?
True
Suppose 502 = 6*k - 3*k - i, 2 = i. Suppose -5*d = -4*d - k. Suppose 0 = -4*c + 160 + d. Is c prime?
False
Suppose -h + 3*b = 17, -h + 6*b = 10*b + 10. Let t(d) = d**2 - 11*d + 31. Is t(h) prime?
False
Suppose 0 = 5*p + 2*u - 82, -2*u = -p - 6*u + 20. Let v be ((-18616)/32)/((-2)/8). Suppose 5*q + p = -9, -2*l + v = -5*q. Is l a composite number?
False
Let h(d) = -96*d**3 - 48*d**2 - 390*d - 37. Is h(-20) prime?
True
Let o be (-6 - -1) + (4 - -2). Is 9 - -2431 - (o + -7) a composite number?
True
Let q = -42 - -45. Suppose -5*y + q*y = -1370. Is (y - -16)*2/(2/1) a composite number?
False
Suppose 0 = -y - 5*b - 17, -3*y + 13 - 52 = 3*b. Is (-6)/(y/307)*4 a prime number?
False
Suppose 16*z = 694478 + 511266. Is z a prime number?
False
Is 115650 + ((-114)/(-19) - (1 + 0)) a composite number?
True
Let h be ((-8)/40)/((3 + 0)/(-19815)). Suppose -3*k + 836 + h = 0. Is k composite?
False
Suppose -6*w = 17*w - 10442. Let i = 6985 + w. Is i a composite number?
True
Let h = 422458 - 188949. Is h composite?
False
Let g be ((-8)/(3 + -11))/(2/12). Suppose -4*b - 71 = 3*h, 55 = 3*h - 6*h + 4*b. Is ((-14)/h)/(g/1611) a prime number?
True
Let b(x) = -12886*x + 45 + 1764*x + 306*x - 100 + 38.